-22) - (-6 - -2 - -5)?
-67
What is -68 + (9 - -71) - (12 + 0)?
0
Calculate 9 - ((-438 + 424 - (-1 + -1 - 52)) + 8).
-39
What is ((-3 - -1) + 0 - (-16 + 22)) + (-55 - -84)?
21
Evaluate 60 - (-11 + (-81 - -23)).
129
Calculate -68 + 43 - (15 - -1).
-41
-3492 - -3488 - (3 - 3 - -1)
-5
What is the value of -163 + -16 - (-338 - -254)?
-95
Evaluate 23 + (204 + -189 - (-4 - (-65 + -1))).
-24
Evaluate 0 - (1 - -21 - 8 - 14).
0
-23 - ((-8 - 12) + (8 - -9) + -5)
-15
Evaluate 2 + (-5 - (-16 - (4 - 60) - 4)).
-39
Evaluate 2 + 9 - (7 + 1 - (-39 - -24)).
-12
What is the value of (-10 - 3 - (0 - 13)) + 8 - 28?
-20
-41 + -32 + -36 + 101 - -8
0
What is the value of -53 + (14 - -1) + 328 + -335?
-45
What is 6 + 0 + -11 + 21 - (0 + -73)?
89
Evaluate -22 + (11 + 0 - -37) - -1.
27
What is the value of 69 + -15 + 27 + -41 + 10 + 27?
77
What is the value of -10 + (24 - (5 + 0 + 11 + -10))?
8
Calculate 607 - 586 - (1 + -104) - 51.
73
0 + 9 + 2 + (-260 + 215 - (-1 - -1))
-34
Evaluate 0 + 12 + 12 - (-78 - (-28 + 1)).
75
What is -40 - (15 + -45 + -30)?
20
Calculate 12 + 27 - (104 + -24).
-41
What is the value of (23 - 13 - (11 - (-4 + 7))) + -1 + -60?
-59
What is (61 + -70 - -18) + ((5 - 3) + 0 - 18)?
-7
-61 + 30 + -24 + 68
13
What is the value of 190 - (-82 - (-40 + -176))?
56
Evaluate -9 + -2 - (-12 + -69 + -15 + 39).
46
What is the value of (-74 - -5) + -467 + 522?
-14
Calculate (-45 - (-24 - 16)) + 15.
10
Evaluate 10 + 3 - (-21 - (25 - 44) - -2).
13
Evaluate -69 - (-27 + -19 - -2).
-25
Evaluate 1 - -54 - (-2832 + 2882).
5
Calculate -53 + 102 + 59 - (4 + 0 - 9).
113
What is the value of -5 + 39 + (5 + 31 - 38)?
32
-7 - -3 - (-51 - -65) - -6
-12
What is the value of -119 + 46 + 36 + 4?
-33
What is the value of -8 + (19 - 13 - 44) + 16 - (-7 - -2)?
-25
What is 45 + (8 - 0 - (-152 - -126))?
79
What is the value of (24 - (-22 - (-21 - 7) - -13)) + -73?
-68
Evaluate -11 + -17 + (17 - -3) + -10 + 53 - -2.
37
(-2 - (-4 + 4)) + (-38 + 16 - 55)
-79
-84 + 3 + 20 - -24
-37
What is the value of 73 - 57 - (-4 + -16 - (0 + -7))?
29
Calculate 118 + -123 + -13 - 25.
-43
What is (13 - 24 - (-3 + -25)) + -45?
-28
Evaluate 20 - (-63 + 28 - -54).
1
Calculate (-107 - -61 - -30) + 71 + -3.
52
Calculate -11 - (-34 - -21 - (44 - 0)).
46
What is 49 + (6 - 3) - (6 + 32 + -25)?
39
20 + 1 + (59 + -53 - 14)
13
What is (19 - 25) + (2 + -7 - 44) + 0 + 4?
-51
Evaluate -168 + -41 + 91 + 2 + 3.
-113
Calculate -3 - 5 - (6 - 23) - (-23 + 143 - 9).
-102
(-2 - -14) + 23 + (-34 - (30 + -31))
2
Calculate -9 + -2 + 1 - ((-11 - -136) + -30).
-105
127 - (113 + 9 - -103)
-98
Calculate 49 + -2 + (1199 - 1178) + (1 - 19).
50
Calculate -39 + 178 + -158 + 58.
39
What is the value of (35 + -9 + -4 + -9 - 13) + 141?
141
Calculate 6 + 55 + -61 + -1 + 29 - (-21 + 21).
28
What is the value of 22 + (-57 - -75 - (-5 - 1))?
46
What is -2 + 1 + 33 + (-51 - -31)?
12
What is the value of 8 - (-7 + (15 - 21)) - 20?
1
Calculate 240 - 164 - (98 - -2).
-24
Calculate -6 + 142 + -11 + -58 + 30.
97
Evaluate -24 + 0 - (-22 + -1 + -1 - -14).
-14
What is 27 + -108 + 68 + (-27 - -1)?
-39
What is the value of (-85 - 2) + (2 - (-29 + (13 - -8) - 4))?
-73
Calculate 0 + (5 - 3) + 30 + -24 - (-92 - 4).
104
What is the value of (10 - 67) + 0 - ((-5 - 0) + -20 + 25)?
-57
-115 + -37 + -81 + 326
93
What is the value of (33 - 28 - -21) + -19 - (-1 + -106)?
114
What is the value of (-7 - -16 - -18) + -11 + 9?
25
What is (33 - -8) + (14 - 53)?
2
Calculate 67 - (161 + -133 + 151).
-112
Calculate (-78 - -5) + (-16 - -1 - -33) + 8.
-47
Evaluate 62 + 1 + (-26 - 21) + 15.
31
What is the value of 38 + 1 + (13 - 92) + 38?
-2
What is -24 + (-5 - 18) + -14 + 22?
-39
1 - (0 + 4 - 3 - -6) - (-547 - -506)
35
What is (-2 - (-5 + -22 + 1)) + (-1 - -34) + -41?
16
Evaluate -14 - (6 - (0 - 3) - (9 - -2)).
-12
What is -22 + -10 - -49 - 36?
-19
Evaluate -82 + 85 + (-7 - -24).
20
What is the value of -9 + (-2 - 0 - -1 - 2 - (262 - 266))?
-8
What is the value of -32 - (-22 - -3) - ((4 - -3) + -11 - 8)?
-1
What is (-137 - (42 - 98)) + 68?
-13
What is -44 + 10 + -3 - (-19 + 15)?
-33
Calculate 5 + (22 - 12) + -13 + 14 - (1 - 1).
16
Calculate (-57 - -2) + 66 + (-125 - -41).
-73
Calculate -46854 + 46705 - (0 + 1 + -1 + -20).
-129
Evaluate -44 + -1 + (20 - -9 - (-4 + 17)).
-29
Evaluate 13 - 5 - (-101 + 43 + 22).
44
Calculate (-10 - 24) + 51 + -14.
3
What is the value of -71 - ((-45 - -11) + 14) - (3 + -7 + -1)?
-46
What is 12 + -57 + -25 + 51?
-19
What is -37 + (6 - -48) + 9?
26
What is the value of -48 + 72 + 43 - (1 + 17)?
49
Calculate -4 + (3 - 46) - ((-26 - 16) + 37).
-42
Calculate (-5 + 8 + -30 + 16 - (-113 + 1)) + 6.
107
Calculate 397 - 298 - (1 + -6 - ((24 - 13) + -28)).
87
What is the value of (7 - 36) + 23 + -13 + 3?
-16
What is the value of -12 - (-16 - -28) - 5 - -123?
94
Calculate -86 - (-117 + 87 + -154).
98
233 - 194 - (1 - 22 - (-17 - -21))
64
What is 26 + (60 - 30) + -88 - (-3 + 0)?
-29
Evaluate -24 + -16 + -2 + 7 + 3 + 11 + -8.
-29
-15 + 5 - (78 + -93) - 53
-48
-12 - (3 - (-12 + (8 - 26)) - 16)
-29
What is the value of (-24 - -12 - -14) + 11 + -2 - 46?
-35
What is -4 + (-35 - -26) + -3 + 54 + -2?
36
Evaluate 29 + -10 + 9 + 16 + -7 + -19 - -5.
23
What is 47 + (12 - (1 + 0 + 10) - (-2 - -13))?
37
(-18 - (-3 - 0)) + -2 + 24 + (8 - -9)
24
What is 1 + (74 - 6) + (-29 - (-3 + -9))?
52
-27 - (120 - 44) - -22
-81
Calculate -10 - (-40 - (192 - 104)).
118
What is the value of (-481 - -518) + 2 + 6?
45
Evaluate 65 + -43 - (-25 + 19).
28
Calculate (-2 - 31) + (82 - -20) + 31.
100
What is 93 - (-107 + (245 - 107))?
62
What is -1 + -1 + -78 - (-20469 - -20466)?
-77
Calculate 13 + -6 + 2 - (22 + -45 + 26).
6
9 + 103 + -121 - 14
-23
What is -3 + -26 - -6 - -10 - -9?
-4
Evaluate -18 - (12 - 62 - 28).
60
What is the value of (1 - 2 - -17) + (-1040 - -993)?
-31
What is 57 + 82 + (-14 - 87)?
38
What is the value of 96 - 27 - (-69 - -58)?
80
-4385 - -4402 - ((56 - 0) + 0)
-39
What is the value of -2136 + 2204 + -207 + 3?
-136
Evaluate (781 - 766) + (0 - -1) + 22.
38
What is (-4 - 85) + (-210 - -219) - -21?
-59
What is the value of -35 + (24 - -11) + -12 - (-101 + 3)?
86
Calculate -10 + 1 - (1433 + -1459).
17
Evaluate (1 - -7) + -30 + 9 + (4 - -1) + 40.
32
What is the value of -1 + (15 - 0) + (1 - (-21 - -2) - 22)?
12
17 - (144 - (68 + -15 - 29))
-103
What is the value of (-2 + -40 - -29) + (7 - 2) + -3?
-11
199 + -113 + -203 + 44
-73
-16 + (19 + -2 - (212 + -214))
3
What is the value of (-4 - -26) + -318 + 114 + 63?
-119
Evaluate 89 + 52 + -103 + -45.
-7
Calculate (-15 + 14 - (17 - (0 - -6))) + -80.
-92
What is the value of (26 - (1 + 5 - (10 + 0))) + 3 + -8?
25
Calculate -8 - (13 + 10 - -8 - 17).
-22
Calculate -101 + 235 - 147 - 121.
-134
Calculate (65 - 1) + 4 + (-8 + 0 - (383 - 396)).
73
Calculate 147 - 130 - (88 + -47).
-24
Evaluate 10 - (-14 - (-6 + 8 + -25)).
1
Calculate -88 + 85 + -51 - -75.
21
What is -15 - (-9 - 2 - (-1 - (61 + -38)))?
-28
Evaluate -22 + 24 + -13 - 5 - (10 - -20).
-46
What is the value of -55 - (-234 - (-82 + -20))?
77
Evaluate 66 - 35 - (2 - -17).
12
(-22 + -20 + 21 - -47) + -86
-60
Evaluate 5 + 0 + 29 + -17 + 27 + 2.
46
Evaluate 90 + (-94 + 40 - 16).
20
What is 4 + -87 + ((-19 - (1 - 6)) + 5 - -13)?
-79
Evaluate -1012 + 976 - (72 - 10).
-98
Evaluate 3 + 24 - (-500 - -561).
-34
What is the value of -50 + (17 - 2) - -26?
-9
Calculate -4 - ((0 - 87) + 79 - (-44 - -1)).
-39
-21 + 32 + -19 + -2 + (-2 - -4)
-8
(44 - 19) + -34 - (-6 - -32)
-35
What is the value of -83 + (92 - -37) + -118 + (-18 - 2 - 1)?
-93
What is the value of (13 + -10 + -139 - -3) + (-97 - -112)?
-118
Evaluate (8 - -1) + ((-88 - -49) + 5 - -96).
71
What is the value of 5 + 1 + (-19 - (5 + -53 + 17))?
18
Calculate -53 + 4 + (-2 - -4) - (4 - (5 - -2)).
-44
Evaluate 24 + -1 + 3677 + -3802 - (1 + -1 + -6).
-96
(-45 - (5 + -6)) + 22 + (-30 - -14)
-38
What is the value of -8 + (-18 - -35) + (2 - 5) + 8?
14
-35 + (-36 - (-62 - -2)) + 2 + -4
-13
Calculate 133 - 175 - -67 - (1 + 52).
-28
1 + 42 - (371 + -374)
46
What is the value of 20 + (-37 - (-7 - -5)) + -19?
-34
What is -29 - -23 - 19 - -70 - -37?
82
51 - (40 + -22 + 14) - -36
55
Calculate -359 + 402 + (-2 - 23) - (0 + -8).
26
What is (-2 - (-1 - (-32 - -13))) + -11?
-31
Evaluate 126 - -41 - 135 - (67 - 1).
-34
Calculate -10 - 3 - 3 - (4